{"id":67,"date":"2016-02-12T18:21:25","date_gmt":"2016-02-12T18:21:25","guid":{"rendered":"http:\/\/freundeskreis-serlo.org\/?page_id=67"},"modified":"2022-01-13T13:01:14","modified_gmt":"2022-01-13T13:01:14","slug":"nothilfe","status":"publish","type":"page","link":"https:\/\/freundeskreis-serlo.org\/?page_id=67","title":{"rendered":"Nothilfe"},"content":{"rendered":"\n<h2 class=\"wp-block-heading\">Corona-Krise 2020\/21<\/h2>\n\n\n\n<p>2020 beginnt die weltweite Corona-Krise. Der Corona-Virus verursacht auch in Nepal Armut und Hunger. Durch den Lockdown und Einreisestopp kommen keine Touristen mehr in die Mount Everest Region. Wovon sollen die Menschen jetzt leben? Dank der Unterst\u00fctzung vieler Spender*innen aus Deutschland, der Schweiz und \u00d6sterreich kann der Freundeskreis Serlo e. V. auch in dieser bedrohlichen Krise den Menschen vor Ort helfen: Kloster Serlo unterst\u00fctzt Familien mit Nahrungsmitteln und bei Krankheit.<\/p>\n\n\n\n<p><a href=\"https:\/\/freundeskreis-serlo.org\/?page_id=80\">Hier k\u00f6nnen Sie spenden.<\/a><\/p>\n\n\n\n<h2 class=\"wp-block-heading\">2015 bebte die Erde<\/h2>\n\n\n<p>Im April 2015 bebte in der Himalaya-Region die Erde und f\u00fchrte Nepal in die t\u00f6dlichste Katastrophe seiner Geschichte. <a href=\"https:\/\/freundeskreis-serlo.org\/?page_id=106\">Die Region und das Kloster selbst waren schwer getroffen.<\/a> Die Geb\u00e4ude des Klosters wurden schwer besch\u00e4digt und zum Teil komplett zerst\u00f6rt. Schnell mussten provisorische L\u00f6sungen gefunden werden wie ein Zelt f\u00fcr die gemeinsamen Mahlzeiten. Der Wiederaufbau der Geb\u00e4ude wird noch lange dauern und braucht jede helfende Hand.<\/p>\n<p>Dank der gro\u00dfen Hilfsbereitschaft seiner Freunde war das Kloster in dieser Zeit ein Zentrum der Verteilung von Hilfsg\u00fctern und Zuflucht f\u00fcr die Menschen der Region. Das Kloster hat aus eigenen Mitteln finanzielle Hilfe geleistet und die umliegende Bev\u00f6lkerung mit dem Notwendigsten wie Nahrung, Decken und Zelten unterst\u00fctzt. Dar\u00fcber hinaus erhielt jeder M\u00f6nch aus den Spenden des Freundeskreis Serlo einen Betrag, um in seinem Heimatdorf zu helfen.<\/p>\n<p>F\u00fcnf Jahre sp\u00e4ter, 2020, leidet die Region sehr unter der Corona-Krise. Lockdown und Einreisestopps f\u00fcr Reisende treffen die Mount Everest Region, in der sehr viele Menschen vom Tourismus leben, schwer. Wovon sollen die Menschen leben? Dazu kommt in diesem Jahr ein starker Monsun, der Teile der Ernte vernichtet. In dieser harten Zeit ist Kloster Serlo wieder ein wichtiges Zentrum f\u00fcr die Region und leistet selbst und dank seiner Freunde in Europa wichtige <a href=\"https:\/\/freundeskreis-serlo.org\/?page_id=552\">Nothilfe<\/a>.<\/p>\n<p><a href=\"https:\/\/freundeskreis-serlo.org\/?page_id=80\">Hier k\u00f6nnen Sie spenden.<\/a><\/p>\n\n\n<figure class=\"wp-block-image size-large is-resized\"><img loading=\"lazy\" decoding=\"async\" src=\"https:\/\/freundeskreis-serlo.org\/wp-content\/uploads\/2020\/08\/IMG-20200815-WA0009.jpg\" alt=\"\" class=\"wp-image-560\" width=\"512\" height=\"384\" srcset=\"https:\/\/freundeskreis-serlo.org\/wp-content\/uploads\/2020\/08\/IMG-20200815-WA0009.jpg 1024w, https:\/\/freundeskreis-serlo.org\/wp-content\/uploads\/2020\/08\/IMG-20200815-WA0009-300x225.jpg 300w, https:\/\/freundeskreis-serlo.org\/wp-content\/uploads\/2020\/08\/IMG-20200815-WA0009-768x576.jpg 768w\" sizes=\"auto, (max-width: 512px) 100vw, 512px\" \/><\/figure>\n\n\n\n<p><\/p>\n","protected":false},"excerpt":{"rendered":"<p>Corona-Krise 2020\/21 2020 beginnt die weltweite Corona-Krise. Der Corona-Virus verursacht auch in Nepal Armut und Hunger. Durch den Lockdown und Einreisestopp kommen keine Touristen mehr in die Mount Everest Region. Wovon sollen die Menschen jetzt leben?<a class=\"moretag\" href=\"https:\/\/freundeskreis-serlo.org\/?page_id=67\">Read More&#8230;<\/a><\/p>\n","protected":false},"author":1,"featured_media":13,"parent":0,"menu_order":0,"comment_status":"closed","ping_status":"closed","template":"","meta":{"footnotes":""},"class_list":["post-67","page","type-page","status-publish","has-post-thumbnail","hentry"],"_links":{"self":[{"href":"https:\/\/freundeskreis-serlo.org\/index.php?rest_route=\/wp\/v2\/pages\/67","targetHints":{"allow":["GET"]}}],"collection":[{"href":"https:\/\/freundeskreis-serlo.org\/index.php?rest_route=\/wp\/v2\/pages"}],"about":[{"href":"https:\/\/freundeskreis-serlo.org\/index.php?rest_route=\/wp\/v2\/types\/page"}],"author":[{"embeddable":true,"href":"https:\/\/freundeskreis-serlo.org\/index.php?rest_route=\/wp\/v2\/users\/1"}],"replies":[{"embeddable":true,"href":"https:\/\/freundeskreis-serlo.org\/index.php?rest_route=%2Fwp%2Fv2%2Fcomments&post=67"}],"version-history":[{"count":9,"href":"https:\/\/freundeskreis-serlo.org\/index.php?rest_route=\/wp\/v2\/pages\/67\/revisions"}],"predecessor-version":[{"id":615,"href":"https:\/\/freundeskreis-serlo.org\/index.php?rest_route=\/wp\/v2\/pages\/67\/revisions\/615"}],"wp:featuredmedia":[{"embeddable":true,"href":"https:\/\/freundeskreis-serlo.org\/index.php?rest_route=\/wp\/v2\/media\/13"}],"wp:attachment":[{"href":"https:\/\/freundeskreis-serlo.org\/index.php?rest_route=%2Fwp%2Fv2%2Fmedia&parent=67"}],"curies":[{"name":"wp","href":"https:\/\/api.w.org\/{rel}","templated":true}]}}