{"id":124,"date":"2016-02-12T19:47:37","date_gmt":"2016-02-12T19:47:37","guid":{"rendered":"http:\/\/freundeskreis-serlo.org\/?page_id=124"},"modified":"2022-01-13T13:01:46","modified_gmt":"2022-01-13T13:01:46","slug":"wiederaufbau","status":"publish","type":"page","link":"https:\/\/freundeskreis-serlo.org\/?page_id=124","title":{"rendered":"Wiederaufbau"},"content":{"rendered":"<p><a href=\"https:\/\/freundeskreis-serlo.org\/?page_id=80\">So k\u00f6nnen Sie den Wiederaufbau unterst\u00fctzen.<\/a><\/p>\n<p><strong>April 2017 &#8211; zwei Jahre nach dem Beben<\/strong><\/p>\n<p>Vor zwei Jahren &#8211; am 25. April 2015 &#8211; sind in Nepal die Tr\u00e4ume vieler Menschen durch ein verheerendes Erdbeben zerst\u00f6rt worden. Seit diesen traumatischen Ereignissen informiert Sie der Freundeskreis Serlo regelm\u00e4\u00dfig \u00fcber die Zerst\u00f6rung und den Wiederaufbau in Nepal, speziell auch im Solukhumbu und im Kloster Serlo.<br \/>\nUnsere Freunde in Serlo, allen voran Tulku Pema Tharchhin Lama Rinpoche, haben viel erreicht in diesen zwei Jahren. Lesen Sie hier einen ausf\u00fchrlichen Bericht mit vielen Fotos von Erhard Hafner vom Freundeskreis Serlo e. V..<\/p>\n<p><a href=\"https:\/\/freundeskreis-serlo.org\/wp-content\/uploads\/2017\/05\/Serlo-2017_web.pdf\" target=\"_blank\" rel=\"noopener noreferrer\">Serlo 2017_web<\/a> (pdf-Datei)<\/p>\n<p><strong>Februar 2017<\/strong><\/p>\n\n\t\t<style type=\"text\/css\">\n\t\t\t#gallery-1 {\n\t\t\t\tmargin: auto;\n\t\t\t}\n\t\t\t#gallery-1 .gallery-item {\n\t\t\t\tfloat: left;\n\t\t\t\tmargin-top: 10px;\n\t\t\t\ttext-align: center;\n\t\t\t\twidth: 25%;\n\t\t\t}\n\t\t\t#gallery-1 img {\n\t\t\t\tborder: 2px solid #cfcfcf;\n\t\t\t}\n\t\t\t#gallery-1 .gallery-caption {\n\t\t\t\tmargin-left: 0;\n\t\t\t}\n\t\t\t\/* see gallery_shortcode() in wp-includes\/media.php *\/\n\t\t<\/style>\n\t\t<div id='gallery-1' class='gallery galleryid-124 gallery-columns-4 gallery-size-medium'><dl class='gallery-item'>\n\t\t\t<dt class='gallery-icon landscape'>\n\t\t\t\t<a href='https:\/\/freundeskreis-serlo.org\/?attachment_id=309'><img loading=\"lazy\" decoding=\"async\" width=\"300\" height=\"225\" src=\"https:\/\/freundeskreis-serlo.org\/wp-content\/uploads\/2016\/02\/Das-Kloster-von-au\u00dfen-300x225.jpg\" class=\"attachment-medium size-medium\" alt=\"\" aria-describedby=\"gallery-1-309\" srcset=\"https:\/\/freundeskreis-serlo.org\/wp-content\/uploads\/2016\/02\/Das-Kloster-von-au\u00dfen-300x225.jpg 300w, https:\/\/freundeskreis-serlo.org\/wp-content\/uploads\/2016\/02\/Das-Kloster-von-au\u00dfen.jpg 640w\" sizes=\"auto, (max-width: 300px) 100vw, 300px\" \/><\/a>\n\t\t\t<\/dt>\n\t\t\t\t<dd class='wp-caption-text gallery-caption' id='gallery-1-309'>\n\t\t\t\tVon au\u00dfen sieht das Kloster schon wieder gut aus\n\t\t\t\t<\/dd><\/dl><dl class='gallery-item'>\n\t\t\t<dt class='gallery-icon landscape'>\n\t\t\t\t<a href='https:\/\/freundeskreis-serlo.org\/?attachment_id=303'><img loading=\"lazy\" decoding=\"async\" width=\"300\" height=\"224\" src=\"https:\/\/freundeskreis-serlo.org\/wp-content\/uploads\/2016\/02\/immer-flei\u00dfig-300x224.jpg\" class=\"attachment-medium size-medium\" alt=\"\" aria-describedby=\"gallery-1-303\" srcset=\"https:\/\/freundeskreis-serlo.org\/wp-content\/uploads\/2016\/02\/immer-flei\u00dfig-300x224.jpg 300w, https:\/\/freundeskreis-serlo.org\/wp-content\/uploads\/2016\/02\/immer-flei\u00dfig-768x574.jpg 768w, https:\/\/freundeskreis-serlo.org\/wp-content\/uploads\/2016\/02\/immer-flei\u00dfig-1024x765.jpg 1024w, https:\/\/freundeskreis-serlo.org\/wp-content\/uploads\/2016\/02\/immer-flei\u00dfig.jpg 1280w\" sizes=\"auto, (max-width: 300px) 100vw, 300px\" \/><\/a>\n\t\t\t<\/dt>\n\t\t\t\t<dd class='wp-caption-text gallery-caption' id='gallery-1-303'>\n\t\t\t\tImmer flei\u00dfig\n\t\t\t\t<\/dd><\/dl><dl class='gallery-item'>\n\t\t\t<dt class='gallery-icon landscape'>\n\t\t\t\t<a href='https:\/\/freundeskreis-serlo.org\/?attachment_id=304'><img loading=\"lazy\" decoding=\"async\" width=\"300\" height=\"225\" src=\"https:\/\/freundeskreis-serlo.org\/wp-content\/uploads\/2016\/02\/Innen-Reparaturen-an-den-H\u00e4usern-300x225.jpg\" class=\"attachment-medium size-medium\" alt=\"\" aria-describedby=\"gallery-1-304\" srcset=\"https:\/\/freundeskreis-serlo.org\/wp-content\/uploads\/2016\/02\/Innen-Reparaturen-an-den-H\u00e4usern-300x225.jpg 300w, https:\/\/freundeskreis-serlo.org\/wp-content\/uploads\/2016\/02\/Innen-Reparaturen-an-den-H\u00e4usern.jpg 640w\" sizes=\"auto, (max-width: 300px) 100vw, 300px\" \/><\/a>\n\t\t\t<\/dt>\n\t\t\t\t<dd class='wp-caption-text gallery-caption' id='gallery-1-304'>\n\t\t\t\tReparaturarbeiten in den H\u00e4usern\n\t\t\t\t<\/dd><\/dl><dl class='gallery-item'>\n\t\t\t<dt class='gallery-icon landscape'>\n\t\t\t\t<a href='https:\/\/freundeskreis-serlo.org\/?attachment_id=305'><img loading=\"lazy\" decoding=\"async\" width=\"300\" height=\"224\" src=\"https:\/\/freundeskreis-serlo.org\/wp-content\/uploads\/2016\/02\/jeder-arbeitet-mit-300x224.jpg\" class=\"attachment-medium size-medium\" alt=\"\" aria-describedby=\"gallery-1-305\" srcset=\"https:\/\/freundeskreis-serlo.org\/wp-content\/uploads\/2016\/02\/jeder-arbeitet-mit-300x224.jpg 300w, https:\/\/freundeskreis-serlo.org\/wp-content\/uploads\/2016\/02\/jeder-arbeitet-mit-768x574.jpg 768w, https:\/\/freundeskreis-serlo.org\/wp-content\/uploads\/2016\/02\/jeder-arbeitet-mit-1024x765.jpg 1024w, https:\/\/freundeskreis-serlo.org\/wp-content\/uploads\/2016\/02\/jeder-arbeitet-mit.jpg 1280w\" sizes=\"auto, (max-width: 300px) 100vw, 300px\" \/><\/a>\n\t\t\t<\/dt>\n\t\t\t\t<dd class='wp-caption-text gallery-caption' id='gallery-1-305'>\n\t\t\t\tAlle arbeiten mit\n\t\t\t\t<\/dd><\/dl><br style=\"clear: both\" \/><dl class='gallery-item'>\n\t\t\t<dt class='gallery-icon landscape'>\n\t\t\t\t<a href='https:\/\/freundeskreis-serlo.org\/?attachment_id=306'><img loading=\"lazy\" decoding=\"async\" width=\"300\" height=\"224\" src=\"https:\/\/freundeskreis-serlo.org\/wp-content\/uploads\/2016\/02\/Der-Weg-zum-Dorf-wird-stabilisiert-300x224.jpg\" class=\"attachment-medium size-medium\" alt=\"\" aria-describedby=\"gallery-1-306\" srcset=\"https:\/\/freundeskreis-serlo.org\/wp-content\/uploads\/2016\/02\/Der-Weg-zum-Dorf-wird-stabilisiert-300x224.jpg 300w, https:\/\/freundeskreis-serlo.org\/wp-content\/uploads\/2016\/02\/Der-Weg-zum-Dorf-wird-stabilisiert.jpg 640w\" sizes=\"auto, (max-width: 300px) 100vw, 300px\" \/><\/a>\n\t\t\t<\/dt>\n\t\t\t\t<dd class='wp-caption-text gallery-caption' id='gallery-1-306'>\n\t\t\t\tDer Weg zum Dorf wird stabilisiert\n\t\t\t\t<\/dd><\/dl><dl class='gallery-item'>\n\t\t\t<dt class='gallery-icon landscape'>\n\t\t\t\t<a href='https:\/\/freundeskreis-serlo.org\/?attachment_id=307'><img loading=\"lazy\" decoding=\"async\" width=\"300\" height=\"225\" src=\"https:\/\/freundeskreis-serlo.org\/wp-content\/uploads\/2016\/02\/Es-gibt-noch-viel-zu-tun-300x225.jpg\" class=\"attachment-medium size-medium\" alt=\"\" aria-describedby=\"gallery-1-307\" srcset=\"https:\/\/freundeskreis-serlo.org\/wp-content\/uploads\/2016\/02\/Es-gibt-noch-viel-zu-tun-300x225.jpg 300w, https:\/\/freundeskreis-serlo.org\/wp-content\/uploads\/2016\/02\/Es-gibt-noch-viel-zu-tun.jpg 640w\" sizes=\"auto, (max-width: 300px) 100vw, 300px\" \/><\/a>\n\t\t\t<\/dt>\n\t\t\t\t<dd class='wp-caption-text gallery-caption' id='gallery-1-307'>\n\t\t\t\tEs gibt weiterhin viel zu tun\n\t\t\t\t<\/dd><\/dl><dl class='gallery-item'>\n\t\t\t<dt class='gallery-icon portrait'>\n\t\t\t\t<a href='https:\/\/freundeskreis-serlo.org\/?attachment_id=308'><img loading=\"lazy\" decoding=\"async\" width=\"225\" height=\"300\" src=\"https:\/\/freundeskreis-serlo.org\/wp-content\/uploads\/2016\/02\/Die-Gebetstrommel-vor-der-Fertigstellung-225x300.jpg\" class=\"attachment-medium size-medium\" alt=\"\" aria-describedby=\"gallery-1-308\" srcset=\"https:\/\/freundeskreis-serlo.org\/wp-content\/uploads\/2016\/02\/Die-Gebetstrommel-vor-der-Fertigstellung-225x300.jpg 225w, https:\/\/freundeskreis-serlo.org\/wp-content\/uploads\/2016\/02\/Die-Gebetstrommel-vor-der-Fertigstellung.jpg 480w\" sizes=\"auto, (max-width: 225px) 100vw, 225px\" \/><\/a>\n\t\t\t<\/dt>\n\t\t\t\t<dd class='wp-caption-text gallery-caption' id='gallery-1-308'>\n\t\t\t\tDie Gebetstrommel ist kurz vor der Fertigstellung\n\t\t\t\t<\/dd><\/dl>\n\t\t\t<br style='clear: both' \/>\n\t\t<\/div>\n\n<p>Diese Bilder zeigen, was wir Dank Ihrer gro\u00dfz\u00fcgigen Hilfe schon alles erreichen konnten. In Serlo und den umliegenden D\u00f6rfern konnten viele Wiederaufbauarbeiten und Reparaturen an den H\u00e4usern durchgef\u00fchrt werden. Die Menschen der Region werden diese Hilfe nie vergessen, denn ohne Eure\/Ihre Gro\u00dfz\u00fcgigkeit w\u00e4re eine so schnelle Hilfe nicht m\u00f6glich gewesen.<\/p>\n<p>F\u00fcr all Diese Hilfe sagt der Freundeskreis von ganzem Herzen auf tibetisch Danke: <strong>DU\u00a0 CHI SHE<\/strong><\/p>\n<p><strong>Mai 2016<\/strong><\/p>\n<p>Tulku Pema Thachhin Lama Rinpoche hat gemeinsam mit den Verantwortlichen des Freundeskreis Serlo e.V. <a href=\"https:\/\/freundeskreis-serlo.org\/?page_id=49\">die wichtigsten Ma\u00dfnahmen f\u00fcr 2016\/17<\/a> festgelegt und hofft auf ein weiterhin so gro\u00dfartiges Interesse und Ihre wunderbare Hilfsbereitschaft.<\/p>\n\n\t\t<style type=\"text\/css\">\n\t\t\t#gallery-2 {\n\t\t\t\tmargin: auto;\n\t\t\t}\n\t\t\t#gallery-2 .gallery-item {\n\t\t\t\tfloat: left;\n\t\t\t\tmargin-top: 10px;\n\t\t\t\ttext-align: center;\n\t\t\t\twidth: 33%;\n\t\t\t}\n\t\t\t#gallery-2 img {\n\t\t\t\tborder: 2px solid #cfcfcf;\n\t\t\t}\n\t\t\t#gallery-2 .gallery-caption {\n\t\t\t\tmargin-left: 0;\n\t\t\t}\n\t\t\t\/* see gallery_shortcode() in wp-includes\/media.php *\/\n\t\t<\/style>\n\t\t<div id='gallery-2' class='gallery galleryid-124 gallery-columns-3 gallery-size-thumbnail'><dl class='gallery-item'>\n\t\t\t<dt class='gallery-icon landscape'>\n\t\t\t\t<a href='https:\/\/freundeskreis-serlo.org\/?attachment_id=150'><img loading=\"lazy\" decoding=\"async\" width=\"150\" height=\"150\" src=\"https:\/\/freundeskreis-serlo.org\/wp-content\/uploads\/2016\/02\/image-0.02.01.b1cbe0ba8719bf1ab03f2fd0c774b1d0299009c1d7ee295bb1487b08f50c0dbe-V-150x150.jpg\" class=\"attachment-thumbnail size-thumbnail\" alt=\"\" aria-describedby=\"gallery-2-150\" srcset=\"https:\/\/freundeskreis-serlo.org\/wp-content\/uploads\/2016\/02\/image-0.02.01.b1cbe0ba8719bf1ab03f2fd0c774b1d0299009c1d7ee295bb1487b08f50c0dbe-V-150x150.jpg 150w, https:\/\/freundeskreis-serlo.org\/wp-content\/uploads\/2016\/02\/image-0.02.01.b1cbe0ba8719bf1ab03f2fd0c774b1d0299009c1d7ee295bb1487b08f50c0dbe-V-300x300.jpg 300w, https:\/\/freundeskreis-serlo.org\/wp-content\/uploads\/2016\/02\/image-0.02.01.b1cbe0ba8719bf1ab03f2fd0c774b1d0299009c1d7ee295bb1487b08f50c0dbe-V-220x220.jpg 220w\" sizes=\"auto, (max-width: 150px) 100vw, 150px\" \/><\/a>\n\t\t\t<\/dt>\n\t\t\t\t<dd class='wp-caption-text gallery-caption' id='gallery-2-150'>\n\t\t\t\tLangsam bekommen die H\u00e4user wieder einen Anstrich\n\t\t\t\t<\/dd><\/dl><dl class='gallery-item'>\n\t\t\t<dt class='gallery-icon landscape'>\n\t\t\t\t<a href='https:\/\/freundeskreis-serlo.org\/?attachment_id=151'><img loading=\"lazy\" decoding=\"async\" width=\"150\" height=\"150\" src=\"https:\/\/freundeskreis-serlo.org\/wp-content\/uploads\/2016\/02\/image-0.02.01.fa411312c4f9ca3724003828538533c73ed42d8e61ce75eed1d6163993cb4f45-V-150x150.jpg\" class=\"attachment-thumbnail size-thumbnail\" alt=\"\" aria-describedby=\"gallery-2-151\" srcset=\"https:\/\/freundeskreis-serlo.org\/wp-content\/uploads\/2016\/02\/image-0.02.01.fa411312c4f9ca3724003828538533c73ed42d8e61ce75eed1d6163993cb4f45-V-150x150.jpg 150w, https:\/\/freundeskreis-serlo.org\/wp-content\/uploads\/2016\/02\/image-0.02.01.fa411312c4f9ca3724003828538533c73ed42d8e61ce75eed1d6163993cb4f45-V-300x300.jpg 300w, https:\/\/freundeskreis-serlo.org\/wp-content\/uploads\/2016\/02\/image-0.02.01.fa411312c4f9ca3724003828538533c73ed42d8e61ce75eed1d6163993cb4f45-V-220x220.jpg 220w\" sizes=\"auto, (max-width: 150px) 100vw, 150px\" \/><\/a>\n\t\t\t<\/dt>\n\t\t\t\t<dd class='wp-caption-text gallery-caption' id='gallery-2-151'>\n\t\t\t\tAlle packen mit an\n\t\t\t\t<\/dd><\/dl><dl class='gallery-item'>\n\t\t\t<dt class='gallery-icon landscape'>\n\t\t\t\t<a href='https:\/\/freundeskreis-serlo.org\/?attachment_id=152'><img loading=\"lazy\" decoding=\"async\" width=\"150\" height=\"150\" src=\"https:\/\/freundeskreis-serlo.org\/wp-content\/uploads\/2016\/02\/image-0.02.01.51f70f104dd2680c257623b3203c3276a9ab1727c35bca9afe07fba44daec61a-V-150x150.jpg\" class=\"attachment-thumbnail size-thumbnail\" alt=\"\" aria-describedby=\"gallery-2-152\" srcset=\"https:\/\/freundeskreis-serlo.org\/wp-content\/uploads\/2016\/02\/image-0.02.01.51f70f104dd2680c257623b3203c3276a9ab1727c35bca9afe07fba44daec61a-V-150x150.jpg 150w, https:\/\/freundeskreis-serlo.org\/wp-content\/uploads\/2016\/02\/image-0.02.01.51f70f104dd2680c257623b3203c3276a9ab1727c35bca9afe07fba44daec61a-V-300x300.jpg 300w, https:\/\/freundeskreis-serlo.org\/wp-content\/uploads\/2016\/02\/image-0.02.01.51f70f104dd2680c257623b3203c3276a9ab1727c35bca9afe07fba44daec61a-V-220x220.jpg 220w\" sizes=\"auto, (max-width: 150px) 100vw, 150px\" \/><\/a>\n\t\t\t<\/dt>\n\t\t\t\t<dd class='wp-caption-text gallery-caption' id='gallery-2-152'>\n\t\t\t\tDie Geb\u00e4ude werden St\u00fcck f\u00fcr St\u00fcck wieder aufgebaut\n\t\t\t\t<\/dd><\/dl><br style=\"clear: both\" \/><dl class='gallery-item'>\n\t\t\t<dt class='gallery-icon portrait'>\n\t\t\t\t<a href='https:\/\/freundeskreis-serlo.org\/?attachment_id=153'><img loading=\"lazy\" decoding=\"async\" width=\"150\" height=\"150\" src=\"https:\/\/freundeskreis-serlo.org\/wp-content\/uploads\/2016\/02\/image-0.02.01.9436837d0f2d465d704661bfaa7557a8b83b8aa917db068d40129ee95718147c-V-150x150.jpg\" class=\"attachment-thumbnail size-thumbnail\" alt=\"\" aria-describedby=\"gallery-2-153\" srcset=\"https:\/\/freundeskreis-serlo.org\/wp-content\/uploads\/2016\/02\/image-0.02.01.9436837d0f2d465d704661bfaa7557a8b83b8aa917db068d40129ee95718147c-V-150x150.jpg 150w, https:\/\/freundeskreis-serlo.org\/wp-content\/uploads\/2016\/02\/image-0.02.01.9436837d0f2d465d704661bfaa7557a8b83b8aa917db068d40129ee95718147c-V-300x300.jpg 300w, https:\/\/freundeskreis-serlo.org\/wp-content\/uploads\/2016\/02\/image-0.02.01.9436837d0f2d465d704661bfaa7557a8b83b8aa917db068d40129ee95718147c-V-220x220.jpg 220w\" sizes=\"auto, (max-width: 150px) 100vw, 150px\" \/><\/a>\n\t\t\t<\/dt>\n\t\t\t\t<dd class='wp-caption-text gallery-caption' id='gallery-2-153'>\n\t\t\t\tAuch die landwirtschaftlichen Fl\u00e4chen und Au\u00dfenanlagen waren schwer betroffen\n\t\t\t\t<\/dd><\/dl>\n\t\t\t<br style='clear: both' \/>\n\t\t<\/div>\n\n<p><strong>Dezember 2015<\/strong><\/p>\n<p>Die Aufbauarbeiten gehen weiter. Jetzt gibt es sogar eine Stra\u00dfe hinauf bis zum Kloster. Der beschwerliche 40-min\u00fctige Aufstieg auf dem Trail ist nun Geschichte. Baumaterial und Lebensmittel k\u00f6nnen jetzt mit dem gespendeten Jeep von Kathmandu direkt ins Kloster transportiert werden.<\/p>\n<p><img loading=\"lazy\" decoding=\"async\" class=\"size-medium wp-image-135 aligncenter\" src=\"https:\/\/freundeskreis-serlo.org\/wp-content\/uploads\/2016\/02\/Aufbau-300x224.jpg\" alt=\"Aufbau\" width=\"300\" height=\"224\" srcset=\"https:\/\/freundeskreis-serlo.org\/wp-content\/uploads\/2016\/02\/Aufbau-300x224.jpg 300w, https:\/\/freundeskreis-serlo.org\/wp-content\/uploads\/2016\/02\/Aufbau.jpg 564w\" sizes=\"auto, (max-width: 300px) 100vw, 300px\" \/><\/p>\n<p><strong>November 2015<\/strong><\/p>\n<p>Nachdem jetzt alle Aufbauarbeiten soweit fortgeschritten sind, dass jeder M\u00f6nch wieder ein festes Dach \u00fcber dem Kopf hat, wird jetzt begonnen, das spirituelle Zentrum, die Gompa, wieder herzustellen.<\/p>\n<p><img loading=\"lazy\" decoding=\"async\" class=\"size-medium wp-image-39 aligncenter\" src=\"https:\/\/freundeskreis-serlo.org\/wp-content\/uploads\/2016\/02\/image-c087cf25cc506c90706889e22176a6a20d7c5ed58c5e3315e5cc6dfed97b92c7-V-300x300.jpg\" alt=\"image-c087cf25cc506c90706889e22176a6a20d7c5ed58c5e3315e5cc6dfed97b92c7-V\" width=\"300\" height=\"300\" srcset=\"https:\/\/freundeskreis-serlo.org\/wp-content\/uploads\/2016\/02\/image-c087cf25cc506c90706889e22176a6a20d7c5ed58c5e3315e5cc6dfed97b92c7-V-300x300.jpg 300w, https:\/\/freundeskreis-serlo.org\/wp-content\/uploads\/2016\/02\/image-c087cf25cc506c90706889e22176a6a20d7c5ed58c5e3315e5cc6dfed97b92c7-V-150x150.jpg 150w, https:\/\/freundeskreis-serlo.org\/wp-content\/uploads\/2016\/02\/image-c087cf25cc506c90706889e22176a6a20d7c5ed58c5e3315e5cc6dfed97b92c7-V-768x768.jpg 768w, https:\/\/freundeskreis-serlo.org\/wp-content\/uploads\/2016\/02\/image-c087cf25cc506c90706889e22176a6a20d7c5ed58c5e3315e5cc6dfed97b92c7-V-1024x1024.jpg 1024w, https:\/\/freundeskreis-serlo.org\/wp-content\/uploads\/2016\/02\/image-c087cf25cc506c90706889e22176a6a20d7c5ed58c5e3315e5cc6dfed97b92c7-V-220x220.jpg 220w, https:\/\/freundeskreis-serlo.org\/wp-content\/uploads\/2016\/02\/image-c087cf25cc506c90706889e22176a6a20d7c5ed58c5e3315e5cc6dfed97b92c7-V.jpg 1280w\" sizes=\"auto, (max-width: 300px) 100vw, 300px\" \/><\/p>\n<p><strong>August 2015<\/strong><\/p>\n<p>Rinpoche hat sich mit den Arbeitern beraten, wie sie am besten vorgehen sollten. Man ist zur Entscheidung gekommen, alle H\u00e4user St\u00fcck f\u00fcr St\u00fcck abzust\u00fctzen, das zerst\u00f6rte Mauerwerk komplett zu entfernen und durch neues Material zu ersetzen. An allen Ecken der H\u00e4user werden Stahlecken befestigt. Stahlb\u00e4nder werden um die H\u00e4user zur Stabilisierung gebunden und verschwei\u00dft. Diese Technik wird auch in den D\u00f6rfern Haus f\u00fcr Haus eingesetzt und der Wiederaufbau wird so St\u00fcck f\u00fcr St\u00fcck vorangehen.<br \/>\nRinpoche hat berichtet, dass das Wichtigste ist, f\u00fcr alle Menschen Wohn- und Unterkunftsm\u00f6glichkeiten zu schaffen. Dies sollte noch vor dem Winter sein, damit die Menschen Schutz vor der K\u00e4lte haben. Es gibt im Solu Khumbu keine Heizungen in den H\u00e4usern. Rinpoche hat gesagt, dass der Tempel erst dann renoviert wird, wenn alle Menschen Unterk\u00fcnfte haben.<\/p>\n<p><img loading=\"lazy\" decoding=\"async\" class=\"size-medium wp-image-107 aligncenter\" src=\"https:\/\/freundeskreis-serlo.org\/wp-content\/uploads\/2016\/02\/Nothilfe_11-300x224.jpg\" alt=\"Nothilfe_11\" width=\"300\" height=\"224\" srcset=\"https:\/\/freundeskreis-serlo.org\/wp-content\/uploads\/2016\/02\/Nothilfe_11-300x224.jpg 300w, https:\/\/freundeskreis-serlo.org\/wp-content\/uploads\/2016\/02\/Nothilfe_11.jpg 546w\" sizes=\"auto, (max-width: 300px) 100vw, 300px\" \/><\/p>\n<p><strong>Mai 2015<\/strong><\/p>\n<p>Das erste Ziel ist es, die Menschen ohne Unterschied der religi\u00f6sen Herkunft und einer Kastenzugeh\u00f6rigkeit mit Nahrungsmittel, Decken und anderen Hilfsmittel zu versorgen. Die M\u00f6nche wohnen alle im Freien und sie haben sich Notunterk\u00fcnfte und Zelte gebaut. Ein Zelt wurde als K\u00fcche eingerichtet, mehrere Zelte dienen der Unterkunft der Menschen und es wurde auch bereits ein Tempelzelt errichtet. Der Jeep ist im Dauereinsatz um die notwendigen Materialien ins Solu Khumbu zu bringen und es wird kein noch so entlegenes Haus vergessen.<\/p>\n<p><img loading=\"lazy\" decoding=\"async\" class=\"size-medium wp-image-12 aligncenter\" src=\"https:\/\/freundeskreis-serlo.org\/wp-content\/uploads\/2016\/02\/Hilfe_2-300x224.jpg\" alt=\"Hilfe_2\" width=\"300\" height=\"224\" srcset=\"https:\/\/freundeskreis-serlo.org\/wp-content\/uploads\/2016\/02\/Hilfe_2-300x224.jpg 300w, https:\/\/freundeskreis-serlo.org\/wp-content\/uploads\/2016\/02\/Hilfe_2.jpg 564w\" sizes=\"auto, (max-width: 300px) 100vw, 300px\" \/><\/p>\n","protected":false},"excerpt":{"rendered":"<p>So k\u00f6nnen Sie den Wiederaufbau unterst\u00fctzen. April 2017 &#8211; zwei Jahre nach dem Beben Vor zwei Jahren &#8211; am 25. April 2015 &#8211; sind in Nepal die Tr\u00e4ume vieler Menschen durch ein verheerendes Erdbeben zerst\u00f6rt worden.<a class=\"moretag\" href=\"https:\/\/freundeskreis-serlo.org\/?page_id=124\">Read More&#8230;<\/a><\/p>\n","protected":false},"author":1,"featured_media":41,"parent":67,"menu_order":0,"comment_status":"closed","ping_status":"closed","template":"","meta":{"footnotes":""},"class_list":["post-124","page","type-page","status-publish","has-post-thumbnail","hentry"],"_links":{"self":[{"href":"https:\/\/freundeskreis-serlo.org\/index.php?rest_route=\/wp\/v2\/pages\/124","targetHints":{"allow":["GET"]}}],"collection":[{"href":"https:\/\/freundeskreis-serlo.org\/index.php?rest_route=\/wp\/v2\/pages"}],"about":[{"href":"https:\/\/freundeskreis-serlo.org\/index.php?rest_route=\/wp\/v2\/types\/page"}],"author":[{"embeddable":true,"href":"https:\/\/freundeskreis-serlo.org\/index.php?rest_route=\/wp\/v2\/users\/1"}],"replies":[{"embeddable":true,"href":"https:\/\/freundeskreis-serlo.org\/index.php?rest_route=%2Fwp%2Fv2%2Fcomments&post=124"}],"version-history":[{"count":14,"href":"https:\/\/freundeskreis-serlo.org\/index.php?rest_route=\/wp\/v2\/pages\/124\/revisions"}],"predecessor-version":[{"id":629,"href":"https:\/\/freundeskreis-serlo.org\/index.php?rest_route=\/wp\/v2\/pages\/124\/revisions\/629"}],"up":[{"embeddable":true,"href":"https:\/\/freundeskreis-serlo.org\/index.php?rest_route=\/wp\/v2\/pages\/67"}],"wp:featuredmedia":[{"embeddable":true,"href":"https:\/\/freundeskreis-serlo.org\/index.php?rest_route=\/wp\/v2\/media\/41"}],"wp:attachment":[{"href":"https:\/\/freundeskreis-serlo.org\/index.php?rest_route=%2Fwp%2Fv2%2Fmedia&parent=124"}],"curies":[{"name":"wp","href":"https:\/\/api.w.org\/{rel}","templated":true}]}}