{"id":121,"date":"2016-02-12T19:45:51","date_gmt":"2016-02-12T19:45:51","guid":{"rendered":"http:\/\/freundeskreis-serlo.org\/?page_id=121"},"modified":"2022-01-13T12:56:46","modified_gmt":"2022-01-13T12:56:46","slug":"sherpakultur","status":"publish","type":"page","link":"https:\/\/freundeskreis-serlo.org\/?page_id=121","title":{"rendered":"Sherpakultur"},"content":{"rendered":"<p>Um das Jahr 1500 begann die gro\u00dfe Wanderbewegung der Sherpa, die urspr\u00fcnglich aus Ost-Tibet stammen. \u00dcber einen Zeitraum von mehr als 250 Jahren kamen die verschiedenen Clans in das Gebiet des heutigen Nord-Ost-Nepal. Die Ursachen f\u00fcr die Wanderung waren unter anderem die religi\u00f6sen Konflikte seit der Zeit des 5. Dalai Lama, denn die Sherpa praktizieren (bis heute) noch die alte, urspr\u00fcngliche Form des tibetischen Buddhismus.<\/p>\n<p>Diese unruhige Zeit f\u00fchrte sie nach und nach \u00fcber die hohen P\u00e4sse um den Mount Everest nach Nepal &#8211; in ein weitgehend menschenleeres Gebiet und seine T\u00e4ler. Vielleicht unterst\u00fctzt dadurch, dass es in der Geschichte der Sherpas viele Hinweise auf ein \u201egr\u00fcnes, fruchtbares, verheissungsvolles Land hinter den Bergen\u201c gibt. So f\u00fchren die Sherpas bis heute dort im nepalesischen Solu Khumbu ihre nomadische und pastorale Kultur fort.<\/p>\n<p>Die Sherpas sind sehr agile, freiheitliche und selbstst\u00e4ndige Menschen, und viele hat es in die St\u00e4dte und ins Ausland gezogen, denn das Leben im Solu Khumbu ist schwierig und gef\u00e4hrlich; die Natur ist oft unerbittlich und bringt Monsunregen und Erdbeben in ein Gebiet, dass auf Grund der gro\u00dfen H\u00f6he und der extremen Sonnenbestrahlung ohnehin extrem schwer zu <a href=\"https:\/\/freundeskreis-serlo.org\/?page_id=52\">bewirtschaften <\/a>ist. Umso wichtiger ist die buddhistische Religion als identit\u00e4tsstiftender und wesentlicher Bestandteil des Lebens. <a href=\"https:\/\/freundeskreis-serlo.org\/?page_id=44\">Die Kl\u00f6ster sind Zentren f\u00fcr Erziehung, Bildung und Entwicklung.<\/a><\/p>\n\n\t\t<style type=\"text\/css\">\n\t\t\t#gallery-1 {\n\t\t\t\tmargin: auto;\n\t\t\t}\n\t\t\t#gallery-1 .gallery-item {\n\t\t\t\tfloat: left;\n\t\t\t\tmargin-top: 10px;\n\t\t\t\ttext-align: center;\n\t\t\t\twidth: 16%;\n\t\t\t}\n\t\t\t#gallery-1 img {\n\t\t\t\tborder: 2px solid #cfcfcf;\n\t\t\t}\n\t\t\t#gallery-1 .gallery-caption {\n\t\t\t\tmargin-left: 0;\n\t\t\t}\n\t\t\t\/* see gallery_shortcode() in wp-includes\/media.php *\/\n\t\t<\/style>\n\t\t<div id='gallery-1' class='gallery galleryid-121 gallery-columns-6 gallery-size-medium'><dl class='gallery-item'>\n\t\t\t<dt class='gallery-icon landscape'>\n\t\t\t\t<a href='https:\/\/freundeskreis-serlo.org\/?attachment_id=281'><img loading=\"lazy\" decoding=\"async\" width=\"300\" height=\"188\" src=\"https:\/\/freundeskreis-serlo.org\/wp-content\/uploads\/2017\/01\/Sherpafrauen-in-Tracht_klein-300x188.jpg\" class=\"attachment-medium size-medium\" alt=\"\" aria-describedby=\"gallery-1-281\" srcset=\"https:\/\/freundeskreis-serlo.org\/wp-content\/uploads\/2017\/01\/Sherpafrauen-in-Tracht_klein-300x188.jpg 300w, https:\/\/freundeskreis-serlo.org\/wp-content\/uploads\/2017\/01\/Sherpafrauen-in-Tracht_klein.jpg 394w\" sizes=\"auto, (max-width: 300px) 100vw, 300px\" \/><\/a>\n\t\t\t<\/dt>\n\t\t\t\t<dd class='wp-caption-text gallery-caption' id='gallery-1-281'>\n\t\t\t\tSherpafrauen in Tracht\n\t\t\t\t<\/dd><\/dl><dl class='gallery-item'>\n\t\t\t<dt class='gallery-icon landscape'>\n\t\t\t\t<a href='https:\/\/freundeskreis-serlo.org\/?attachment_id=275'><img loading=\"lazy\" decoding=\"async\" width=\"300\" height=\"225\" src=\"https:\/\/freundeskreis-serlo.org\/wp-content\/uploads\/2017\/01\/Junge-Sherpam\u00e4dchen_klein-300x225.jpg\" class=\"attachment-medium size-medium\" alt=\"\" aria-describedby=\"gallery-1-275\" srcset=\"https:\/\/freundeskreis-serlo.org\/wp-content\/uploads\/2017\/01\/Junge-Sherpam\u00e4dchen_klein-300x225.jpg 300w, https:\/\/freundeskreis-serlo.org\/wp-content\/uploads\/2017\/01\/Junge-Sherpam\u00e4dchen_klein.jpg 394w\" sizes=\"auto, (max-width: 300px) 100vw, 300px\" \/><\/a>\n\t\t\t<\/dt>\n\t\t\t\t<dd class='wp-caption-text gallery-caption' id='gallery-1-275'>\n\t\t\t\tSherpam\u00e4dchen in Tracht\n\t\t\t\t<\/dd><\/dl><dl class='gallery-item'>\n\t\t\t<dt class='gallery-icon landscape'>\n\t\t\t\t<a href='https:\/\/freundeskreis-serlo.org\/?attachment_id=274'><img loading=\"lazy\" decoding=\"async\" width=\"283\" height=\"189\" src=\"https:\/\/freundeskreis-serlo.org\/wp-content\/uploads\/2017\/01\/poor-sherpa-people_klein.jpg\" class=\"attachment-medium size-medium\" alt=\"\" aria-describedby=\"gallery-1-274\" \/><\/a>\n\t\t\t<\/dt>\n\t\t\t\t<dd class='wp-caption-text gallery-caption' id='gallery-1-274'>\n\t\t\t\tJunge Sherpas\n\t\t\t\t<\/dd><\/dl><dl class='gallery-item'>\n\t\t\t<dt class='gallery-icon landscape'>\n\t\t\t\t<a href='https:\/\/freundeskreis-serlo.org\/?attachment_id=295'><img loading=\"lazy\" decoding=\"async\" width=\"283\" height=\"213\" src=\"https:\/\/freundeskreis-serlo.org\/wp-content\/uploads\/2016\/02\/Zeremonie_klein.jpg\" class=\"attachment-medium size-medium\" alt=\"\" aria-describedby=\"gallery-1-295\" \/><\/a>\n\t\t\t<\/dt>\n\t\t\t\t<dd class='wp-caption-text gallery-caption' id='gallery-1-295'>\n\t\t\t\tSherpat\u00e4nze zu Neujahr\n\t\t\t\t<\/dd><\/dl><dl class='gallery-item'>\n\t\t\t<dt class='gallery-icon landscape'>\n\t\t\t\t<a href='https:\/\/freundeskreis-serlo.org\/?attachment_id=296'><img loading=\"lazy\" decoding=\"async\" width=\"283\" height=\"213\" src=\"https:\/\/freundeskreis-serlo.org\/wp-content\/uploads\/2016\/02\/Mani-Rimdu-chiwang_klein.jpg\" class=\"attachment-medium size-medium\" alt=\"\" aria-describedby=\"gallery-1-296\" \/><\/a>\n\t\t\t<\/dt>\n\t\t\t\t<dd class='wp-caption-text gallery-caption' id='gallery-1-296'>\n\t\t\t\tTraditionelle T\u00e4nze\n\t\t\t\t<\/dd><\/dl>\n\t\t\t<br style='clear: both' \/>\n\t\t<\/div>\n\n<p>Aktuell leben etwas \u00fcber 40.000 Menschen &#8211; haupts\u00e4chlich in Kathmandu und im Solu Khumbu in ihrer Sherpa Kultur. Viele Sherpas geben ihre urspr\u00fcnglichen Berufe &#8211; oder sollte man es besser ihre Berufung nennen \u2013 auf. Sie arbeiten in handwerklichen Berufen und vor allem im Tourismus und tun es Tenzing Norgay gleich. Auf ihn und Sir Edmund Hilary geht die Erstbesteigung des Mount Everests zur\u00fcck. Die Nepali nennen den Berg \u201eStirn des Himmels\u201c, die Tibeter \u201eMutter des Universums\u201c.<\/p>\n","protected":false},"excerpt":{"rendered":"<p>Um das Jahr 1500 begann die gro\u00dfe Wanderbewegung der Sherpa, die urspr\u00fcnglich aus Ost-Tibet stammen. \u00dcber einen Zeitraum von mehr als 250 Jahren kamen die verschiedenen Clans in das Gebiet des heutigen Nord-Ost-Nepal. Die Ursachen f\u00fcr<a class=\"moretag\" href=\"https:\/\/freundeskreis-serlo.org\/?page_id=121\">Read More&#8230;<\/a><\/p>\n","protected":false},"author":1,"featured_media":137,"parent":49,"menu_order":0,"comment_status":"closed","ping_status":"closed","template":"","meta":{"footnotes":""},"class_list":["post-121","page","type-page","status-publish","has-post-thumbnail","hentry"],"_links":{"self":[{"href":"https:\/\/freundeskreis-serlo.org\/index.php?rest_route=\/wp\/v2\/pages\/121","targetHints":{"allow":["GET"]}}],"collection":[{"href":"https:\/\/freundeskreis-serlo.org\/index.php?rest_route=\/wp\/v2\/pages"}],"about":[{"href":"https:\/\/freundeskreis-serlo.org\/index.php?rest_route=\/wp\/v2\/types\/page"}],"author":[{"embeddable":true,"href":"https:\/\/freundeskreis-serlo.org\/index.php?rest_route=\/wp\/v2\/users\/1"}],"replies":[{"embeddable":true,"href":"https:\/\/freundeskreis-serlo.org\/index.php?rest_route=%2Fwp%2Fv2%2Fcomments&post=121"}],"version-history":[{"count":8,"href":"https:\/\/freundeskreis-serlo.org\/index.php?rest_route=\/wp\/v2\/pages\/121\/revisions"}],"predecessor-version":[{"id":299,"href":"https:\/\/freundeskreis-serlo.org\/index.php?rest_route=\/wp\/v2\/pages\/121\/revisions\/299"}],"up":[{"embeddable":true,"href":"https:\/\/freundeskreis-serlo.org\/index.php?rest_route=\/wp\/v2\/pages\/49"}],"wp:featuredmedia":[{"embeddable":true,"href":"https:\/\/freundeskreis-serlo.org\/index.php?rest_route=\/wp\/v2\/media\/137"}],"wp:attachment":[{"href":"https:\/\/freundeskreis-serlo.org\/index.php?rest_route=%2Fwp%2Fv2%2Fmedia&parent=121"}],"curies":[{"name":"wp","href":"https:\/\/api.w.org\/{rel}","templated":true}]}}