{"id":118,"date":"2016-02-12T19:43:19","date_gmt":"2016-02-12T19:43:19","guid":{"rendered":"http:\/\/freundeskreis-serlo.org\/?page_id=118"},"modified":"2022-01-13T12:57:15","modified_gmt":"2022-01-13T12:57:15","slug":"begegnung","status":"publish","type":"page","link":"https:\/\/freundeskreis-serlo.org\/?page_id=118","title":{"rendered":"Begegnung"},"content":{"rendered":"<p>Das Leben im Kloster Serlo ist gepr\u00e4gt von einem spirituellen Rhythmus, gemeinschaftlichen Ritualen und einer herzlichen Offenheit gegen\u00fcber Besuchern und G\u00e4sten. <a href=\"https:\/\/freundeskreis-serlo.org\/?page_id=97\">Erleben Sie hier einen Tag im Kloster.<\/a><\/p>\n<p><img loading=\"lazy\" decoding=\"async\" class=\"size-medium wp-image-134 aligncenter\" src=\"https:\/\/freundeskreis-serlo.org\/wp-content\/uploads\/2016\/02\/Begegnung-300x300.jpg\" alt=\"Begegnung\" width=\"300\" height=\"300\" srcset=\"https:\/\/freundeskreis-serlo.org\/wp-content\/uploads\/2016\/02\/Begegnung-300x300.jpg 300w, https:\/\/freundeskreis-serlo.org\/wp-content\/uploads\/2016\/02\/Begegnung-150x150.jpg 150w, https:\/\/freundeskreis-serlo.org\/wp-content\/uploads\/2016\/02\/Begegnung-220x220.jpg 220w, https:\/\/freundeskreis-serlo.org\/wp-content\/uploads\/2016\/02\/Begegnung.jpg 564w\" sizes=\"auto, (max-width: 300px) 100vw, 300px\" \/><\/p>\n","protected":false},"excerpt":{"rendered":"<p>Das Leben im Kloster Serlo ist gepr\u00e4gt von einem spirituellen Rhythmus, gemeinschaftlichen Ritualen und einer herzlichen Offenheit gegen\u00fcber Besuchern und G\u00e4sten. Erleben Sie hier einen Tag im Kloster.<\/p>\n","protected":false},"author":1,"featured_media":129,"parent":30,"menu_order":0,"comment_status":"closed","ping_status":"closed","template":"","meta":{"footnotes":""},"class_list":["post-118","page","type-page","status-publish","has-post-thumbnail","hentry"],"_links":{"self":[{"href":"https:\/\/freundeskreis-serlo.org\/index.php?rest_route=\/wp\/v2\/pages\/118","targetHints":{"allow":["GET"]}}],"collection":[{"href":"https:\/\/freundeskreis-serlo.org\/index.php?rest_route=\/wp\/v2\/pages"}],"about":[{"href":"https:\/\/freundeskreis-serlo.org\/index.php?rest_route=\/wp\/v2\/types\/page"}],"author":[{"embeddable":true,"href":"https:\/\/freundeskreis-serlo.org\/index.php?rest_route=\/wp\/v2\/users\/1"}],"replies":[{"embeddable":true,"href":"https:\/\/freundeskreis-serlo.org\/index.php?rest_route=%2Fwp%2Fv2%2Fcomments&post=118"}],"version-history":[{"count":5,"href":"https:\/\/freundeskreis-serlo.org\/index.php?rest_route=\/wp\/v2\/pages\/118\/revisions"}],"predecessor-version":[{"id":623,"href":"https:\/\/freundeskreis-serlo.org\/index.php?rest_route=\/wp\/v2\/pages\/118\/revisions\/623"}],"up":[{"embeddable":true,"href":"https:\/\/freundeskreis-serlo.org\/index.php?rest_route=\/wp\/v2\/pages\/30"}],"wp:featuredmedia":[{"embeddable":true,"href":"https:\/\/freundeskreis-serlo.org\/index.php?rest_route=\/wp\/v2\/media\/129"}],"wp:attachment":[{"href":"https:\/\/freundeskreis-serlo.org\/index.php?rest_route=%2Fwp%2Fv2%2Fmedia&parent=118"}],"curies":[{"name":"wp","href":"https:\/\/api.w.org\/{rel}","templated":true}]}}